015?
5
What is the units digit of 121986?
6
What is the hundreds digit of 83378?
3
What is the units digit of 1908?
8
What is the units digit of 227?
7
What is the thousands digit of 32090?
2
What is the tens digit of 111501?
0
What is the units digit of 982?
2
What is the thousands digit of 37974?
7
What is the units digit of 3713?
3
What is the ten thousands digit of 38368?
3
What is the thousands digit of 17248?
7
What is the hundreds digit of 258?
2
What is the thousands digit of 12050?
2
What is the units digit of 86905?
5
What is the thousands digit of 4968?
4
What is the tens digit of 286?
8
What is the tens digit of 131276?
7
What is the thousands digit of 6283?
6
What is the hundreds digit of 3719?
7
What is the units digit of 512?
2
What is the tens digit of 2716?
1
What is the hundreds digit of 12040?
0
What is the hundreds digit of 10839?
8
What is the units digit of 19063?
3
What is the tens digit of 27062?
6
What is the tens digit of 1048?
4
What is the tens digit of 67597?
9
What is the units digit of 10539?
9
What is the hundreds digit of 368?
3
What is the units digit of 4483?
3
What is the tens digit of 193602?
0
What is the thousands digit of 1512?
1
What is the units digit of 82?
2
What is the tens digit of 5457?
5
What is the thousands digit of 7984?
7
What is the units digit of 750?
0
What is the tens digit of 666?
6
What is the tens digit of 21020?
2
What is the tens digit of 2267?
6
What is the units digit of 1913?
3
What is the tens digit of 73?
7
What is the thousands digit of 4516?
4
What is the ten thousands digit of 112760?
1
What is the hundreds digit of 1171?
1
What is the units digit of 17301?
1
What is the ten thousands digit of 35610?
3
What is the tens digit of 34615?
1
What is the thousands digit of 34408?
4
What is the tens digit of 23365?
6
What is the thousands digit of 1698?
1
What is the thousands digit of 18174?
8
What is the thousands digit of 3244?
3
What is the hundreds digit of 1863?
8
What is the tens digit of 96?
9
What is the tens digit of 3578?
7
What is the units digit of 5?
5
What is the hundreds digit of 208?
2
What is the thousands digit of 6726?
6
What is the hundreds digit of 983?
9
What is the tens digit of 5369?
6
What is the thousands digit of 2616?
2
What is the units digit of 25598?
8
What is the thousands digit of 109885?
9
What is the hundreds digit of 6139?
1
What is the hundreds digit of 626?
6
What is the tens digit of 8210?
1
What is the tens digit of 129128?
2
What is the hundreds digit of 1571?
5
What is the units digit of 7606?
6
What is the units digit of 489?
9
What is the hundreds digit of 81354?
3
What is the hundreds digit of 4222?
2
What is the thousands digit of 1336?
1
What is the thousands digit of 1606?
1
What is the units digit of 2606?
6
What is the hundreds digit of 1042?
0
What is the tens digit of 1685?
8
What is the tens digit of 650?
5
What is the thousands digit of 52130?
2
What is the units digit of 18278?
8
What is the ten thousands digit of 15221?
1
What is the units digit of 2319?
9
What is the units digit of 18421?
1
What is the tens digit of 373?
7
What is the tens digit of 118?
1
What is the hundreds digit of 931?
9
What is the hundreds digit of 5660?
6
What is the hundreds digit of 29586?
5
What is the thousands digit of 3905?
3
What is the hundreds digit of 3694?
6
What is the tens digit of 4073?
7
What is the units digit of 3403?
3
What is the units digit of 420?
0
What is the tens digit of 35490?
9
What is the ten thousands digit of 40963?
4
What is the thousands digit of 4208?
4
What is the units digit of 2323?
3
What is the units digit of 691?
1
What is the hundreds digit of 3682?
6
What is the hundreds digit of 133315?
3
What is the hundreds digit of 106?
1
What is the hundreds digit of 14335?
3
What is the tens digit of 37039?
3
What is the units digit of 929?
9
What is the tens digit of 40?
4
What is the units digit of 1019?
9
What is the units digit of 1724?
4
What is the thousands digit of 7582?
7
What is the units digit of 38778?
8
What is the tens digit of 2735?
3
What is the units digit of 2047?
7
What is the tens digit of 22344?
4
What is the units digit of 785?
5
What is the hundreds digit of 83069?
0
What is the hundreds digit of 1536?
5
What is the tens digit of 3369?
6
What is the hundreds digit of 857?
8
What is the hundreds digit of 1407?
4
What is the tens digit of 655?
5
What is the hundreds digit of 8634?
6
What is the tens digit of 8079?
7
What is the tens digit of 46116?
1
What is the tens digit of 5128?
2
What is the units digit of 958?
8
What is the units digit of 6188?
8
What is the tens digit of 71686?
8
What is the tens digit of 1318?
1
What is the tens digit of 458?
5
What is the ten thousands digit of 18587?
1
What is the hundreds digit of 6945?
9
What is the units digit of 856?
6
What is the units digit of 58096?
6
What is the units digit of 201?
1
What is the units digit of 9500?
0
What is the units digit of 40500?
0
What is the thousands digit of 36815?
6
What is the hundreds digit of 689?
6
What is the tens digit of 717?
1
What is the hundreds digit of 2765?
7
What is the units digit of 143?
3
What is the thousands digit of 2420?
2
What is the units digit of 922?
2
What is the hundreds digit of 1318?
3
What is the thousands digit of 15183?
5
What is the hundreds digit of 2226?
2
What is the units digit of 2499?
9
What is the hundreds digit of 11510?
5
What is the tens digit of 864?
6
What is the hundreds digit of 23662?
6
What is the units digit of 919?
9
What is the ten thousands digit of 21273?
2
What is the hundreds digit of 2217?
2
What is the units digit of 592?
2
What is the hundreds digit of 9076?
0
What is the units digit of 81476?
6
What is the tens digit of 2805?
0
What is the hundreds digit of 38552?
5
What is the tens digit of 3049?
4
What is the tens digit of 1579?
7
What is the units digit of 1307?
7
What is the hundreds digit of 24137?
1
What is the tens digit of 629?
2
What is the thousands digit of 11054?
1
What is the hundreds digit of 29357?
3
What is the hundreds digit of 3835?
8
What is the hundreds digit of 1711?
7
What is the hundreds digit of 1401?
4
What is the units digit of 970?
0
What is the units digit of 42869?
9
What is the hundreds digit of 558?
5
What is the ten thousands digit of 20721?
2
What is the hundreds digit of 8019?
0
What is the units digit of 2392?
2
What is the hundreds digit of 14620?
6
What is the units digit of 871?
1
What is the tens digit of 6011?
1
What is the tens digit of 937?
3
What is the hundreds digit of 973?
9
What is the thousands digit of 27150?
7
What is the thousands digit of 2197?
2
What is the ten thousands digit of 33463?
3
What is the units digit of 769?
9
What is the units digit of 2725?
5
What is the thousands digit of 63718?
3
What is the hundreds digit of 103?
1
What is the units digit of 6136?
6
What is the hundreds digit of 3231?
2
What is the tens digit of 74639?
3
What is the units digit of 2614?
4
What is the units digit of 4943?
3
What is the tens digit of 3831?
3
What is the tens digit of 118082?
8
What is the units digit of 1162?
2
What is the units digit of 89?
9
What is the thousands digit of 3811?
3
What is the units digit of 699?
9
What is the units digit of 4763?
3
What is the units digit of 70881?
1
What is the ten thousands digit of 13854?
1
What is the hundreds digit of 76950?
9
What is the tens digit of 828?
2
What is the thousands digit of 138465?
8
What is the units digit of 693?
3
What is the units digit of 142?
2
What is the tens digit of 8229?
2
What is the thousands digit of 2581?
2
What is the ten thousands digit of 23654?
2
What is the hundreds digit of 837?
8
What is the tens digit of 12622?
2
What is the units digit of 165169?
9
What is the hundreds digit of 16565?
5
What is the hundreds digit of 244?
2
What is the thousands digit of 26460?
6
What is the hundreds digit of 1226?
2
What is the hundreds digit of 1850?
8
What is the thousands digit of 11742?
1
What is the units digit of 109?
9
What is the tens digit of 1483?
8
What is the thousands digit of 1076?
1
What is the units digit of 261?
1
What is the units digit of 128?
8
What is the hundreds digit of 46873?
8
What is the tens digit of 7336?
3
What is the te